mposite?
False
Is 117527437 a composite number?
True
Is 28341233 a composite number?
False
Is 342052121 a prime number?
False
Is 11072407 prime?
False
Is 109807 a composite number?
False
Is 26874103 a prime number?
True
Is 165050219 a composite number?
False
Is 97998203 a prime number?
True
Is 200905703 prime?
True
Is 152965 composite?
True
Is 937361 a prime number?
False
Is 42827 a composite number?
True
Is 24855889 a composite number?
True
Is 502241 a prime number?
False
Is 13164451 composite?
False
Is 34789841 composite?
False
Is 6833843 composite?
False
Is 145043 prime?
True
Is 2869091 a prime number?
False
Is 83222069 prime?
False
Is 3637169 a prime number?
True
Is 6457247 prime?
True
Is 4041871 prime?
False
Is 266005097 a composite number?
True
Is 102289829 a prime number?
False
Is 16466763 composite?
True
Is 4295119 a prime number?
False
Is 2633161 prime?
True
Is 776627 prime?
True
Is 43941619 a prime number?
False
Is 5976073 prime?
False
Is 353027 prime?
False
Is 439438939 a prime number?
False
Is 2286059 a composite number?
False
Is 76748291 prime?
False
Is 39405521 a prime number?
False
Is 337656041 a composite number?
False
Is 11068251 composite?
True
Is 60689589 a prime number?
False
Is 25601083 prime?
True
Is 53431617 composite?
True
Is 3102583 a prime number?
False
Is 9106277 a composite number?
True
Is 56500023 a composite number?
True
Is 2070001 prime?
False
Is 2443049 a composite number?
True
Is 4331611 a composite number?
False
Is 1884240413 a composite number?
True
Is 9081363 a prime number?
False
Is 2532067 a prime number?
True
Is 159582863 a prime number?
False
Is 30182989 prime?
False
Is 41598862 a prime number?
False
Is 43106171 prime?
False
Is 161565473 prime?
True
Is 199454473 composite?
False
Is 17301607 prime?
False
Is 10825237 a composite number?
False
Is 72576377 prime?
True
Is 57657707 a composite number?
False
Is 395379749 a prime number?
True
Is 6570583 a composite number?
True
Is 1599419 a prime number?
False
Is 18890441 a composite number?
False
Is 21651793 a composite number?
False
Is 87850663 composite?
True
Is 14397907 prime?
False
Is 1380419 a composite number?
False
Is 3746833 composite?
True
Is 73410289 composite?
False
Is 42088913 prime?
True
Is 1534289 a prime number?
True
Is 67201941 a prime number?
False
Is 5658761 a prime number?
True
Is 68974049 a prime number?
False
Is 1168309 prime?
False
Is 32160731 prime?
False
Is 1651399 composite?
True
Is 133211707 a composite number?
False
Is 503959 a composite number?
False
Is 2548957 composite?
False
Is 288363139 composite?
True
Is 4404187 a composite number?
True
Is 26889677 a prime number?
True
Is 913295 composite?
True
Is 141148717 a prime number?
True
Is 143226869 composite?
True
Is 10934493 composite?
True
Is 21973849 composite?
False
Is 45628259 composite?
False
Is 47732137 a composite number?
False
Is 3610879 composite?
True
Is 3315031 a composite number?
False
Is 340072223 prime?
False
Is 854527 composite?
False
Is 1074001 a prime number?
True
Is 30626083 a prime number?
True
Is 1171517 prime?
True
Is 23134409 a composite number?
False
Is 5139487 a prime number?
False
Is 306415 prime?
False
Is 30642289 a prime number?
False
Is 155970877 a prime number?
True
Is 683831 composite?
False
Is 1846609 prime?
True
Is 7336223 prime?
False
Is 256219633 a composite number?
False
Is 633133 prime?
True
Is 40041142 prime?
False
Is 131963527 a composite number?
True
Is 34783985 a prime number?
False
Is 848401 composite?
True
Is 314851 prime?
True
Is 24941089 prime?
True
Is 3265999 composite?
True
Is 10198253 a composite number?
True
Is 2011621 composite?
True
Is 1796161 a composite number?
True
Is 53076319 a composite number?
True
Is 98470327 prime?
False
Is 1070753 prime?
True
Is 50324203 a prime number?
True
Is 9140267 prime?
True
Is 87358481 a composite number?
True
Is 4572569 a composite number?
False
Is 5248877 prime?
True
Is 35056543 prime?
True
Is 11522491 a prime number?
True
Is 5985103 composite?
False
Is 787343 composite?
True
Is 20161049 composite?
True
Is 176286901 prime?
False
Is 202001 a prime number?
True
Is 1018516669 prime?
True
Is 111100061 a prime number?
True
Is 187361183 prime?
True
Is 2324897 a prime number?
False
Is 312451 a composite number?
False
Is 215125471 a composite number?
True
Is 2904766 a composite number?
True
Is 5285947 prime?
False
Is 3442823 a composite number?
True
Is 355187 a composite number?
True
Is 707617 prime?
False
Is 3018731 a composite number?
True
Is 179096387 a prime number?
False
Is 36607958 prime?
False
Is 63608855 a prime number?
False
Is 10822793 composite?
False
Is 3021203 a composite number?
True
Is 131659409 a prime number?
False
Is 61968947 composite?
True
Is 26127121 a composite number?
False
Is 183999943 a composite number?
False
Is 14593841 a prime number?
True
Is 48185899 composite?
True
Is 138139 a composite number?
False
Is 2447237 prime?
False
Is 23055343 a prime number?
True
Is 4283119 a composite number?
True
Is 11546321 prime?
False
Is 47408807 a prime number?
False
Is 3801055 composite?
True
Is 7356611 prime?
True
Is 321773 a composite number?
True
Is 15537226 a prime number?
False
Is 277669 prime?
False
Is 39988213 composite?
True
Is 4489609 composite?
False
Is 26964503 a composite number?
False
Is 5865347 composite?
False
Is 546047 a composite number?
False
Is 8817863 a prime number?
True
Is 16131331 a prime number?
True
Is 24889 composite?
False
Is 2567111 a prime number?
True
Is 2249839 prime?
False
Is 13549889 a prime number?
True
Is 140286911 composite?
True
Is 2913067 composite?
False
Is 108520143 prime?
False
Is 164317 a composite number?
True
Is 76523207 a prime number?
True
Is 7298699 composite?
False
Is 1159199 a composite number?
False
Is 12505543 composite?
False
Is 246743641 a prime number?
True
Is 22018807 composite?
True
Is 1549673 prime?
False
Is 7490447 composite?
True
Is 160030579 composite?
True
Is 71600567 composite?
True
Is 136534423 a composite number?
True
Is 2913793 a composite number?
True
Is 1952123 a composite number?
False
Is 17136551 a prime number?
False
Is 22282441 a prime number?
True
Is 121881817 prime?
False
Is 10007 a prime number?
True
Is 334534709 composite?
False
Is 30356841 composite?
True
Is 9460249 prime?
True
Is 33612211 a prime number?
True
Is 1360741 a composite number?
True
Is 72862099 a composite number?
False
Is 1799657 prime?
False
Is 32028226 composite?
True
Is 57388249 prime?
False
Is 4424591 composite?
True
Is 17965499 a composite number?
False
Is 2280251 a prime number?
False
Is 53274971 a composite number?
False
Is 202589353 a composite number?
False
Is 51956477 composite?
True
Is 6477593 a prime number?
False
Is 83545409 a prime number?
True
Is 560149 prime?
True
Is 3469313 composite?
False
Is 866167 a prime number?
False
Is 193412207 a prime number?
False
Is 4047679 a prime number?
False
Is 18497759 composite?
True
Is 5864129 a composite number?
False
Is 2470042 composite?
True
Is 33986149 composite?
True
Is 17156207 a composite number?
False
Is 208548453 a prime number?
False
Is 3675377 a composite number?
True
Is 3002089 prime?
True
Is 46831493 a composite number?
False
Is 253626473 a prime number?
True
Is 7285127 prime?
True
Is 58757 a prime number?
True
Is 42908071 a prime number?
False
Is 22411091 prime?
False
Is 290145313 a composite number?
True
Is 569111 a prime number?
True
Is 203697413 a composite number?
False
Is 20843983 a composite number?
True
Is 7456507 composite?
False
Is 127349 a prime number?
False
Is 145523 a prime number?
False
Is 2594149 a prime number?
False
Is 11378779 prime?
False
Is 41883431 composite?
False
Is 10104907 a prime number?
True
Is 12834127 a composite number?
False
Is 2133647 a prime number?
True
Is 41478909 a composite number?
True
Is 162823397 composite?
True
Is 1397741 a prime number?
False
Is 30387751 prime?
True
Is 10218346 a composite number?
True
Is 448957 composite?
True
Is 6768257 a composite number?
False
Is 324671 a composite number?
True
Is 19719899 a prime number?
False
Is 80679182 prime?
False
Is 847883 prime?
True
Is 209441237 composite?
True
Is 118331299 composite?
False
Is 202846739 composite?
False
Is 48058157 a composite number?
True
Is 3239141 prime?
True
Is 2479657 prime?
True
I